r of 2 and z?
2
Let n(h) = 18*h**2 - 5*h - 145. Let i be n(3). Let o be (-3)/4 - (-5)/(-20). Let w = o + 5. What is the highest common divisor of w and i?
2
Let t be 37 + 8 - 2/(-1). Suppose a - t = -0*a. What is the greatest common factor of 188 and a?
47
Let g(q) = 29*q + 135. Let t be g(-8). Let h = t - -341. What is the greatest common factor of 4 and h?
4
Let k be 0 + 1 - 1153/(25/(-2) + 12). Calculate the greatest common divisor of k and 3.
3
Let u(c) = 156*c**3 - 5*c**2 + 8*c - 39. Let a be u(5). What is the greatest common divisor of 112 and a?
112
Suppose 4*n - 10 = n + 2*a, 2*n = -3*a + 11. Let j = 42 - 37. Suppose -n*c + 2*c = -5*y + 45, -3*y = j*c + 4. What is the highest common factor of y and 28?
7
Suppose -3*d + 2*j = -0*d - 157, -j = -3*d + 155. Suppose -h + d = -150. What is the highest common factor of 67 and h?
67
Let s = -3105 - -3291. What is the greatest common factor of s and 682?
62
Suppose -167*h - 824 = -1492. Let z(x) = x**2 + 8*x - 3. Let j be z(-8). Let v = -2 - j. What is the greatest common divisor of h and v?
1
Suppose -3*h + 5*g + 71 = -17, -20 = 4*g. Suppose -4*n = -0*w + 2*w + 46, -5*w + 2*n - 103 = 0. Let l = 63 + w. What is the highest common divisor of l and h?
21
Let d(p) = 116*p**2 + 319*p - 3. Let j be d(-3). Calculate the highest common factor of 1056 and j.
12
Let w be (963 + -265)*(-9)/(-2). Calculate the greatest common divisor of 45 and w.
9
Let n = 81 + -21. Suppose -261 = a + 4*z - 387, a + 5*z = 120. What is the greatest common factor of a and n?
30
Let v be (8 + 28)*(-24)/(-9). Suppose 4*q - 72 = -4*k + 100, 0 = 4*k + q - 160. Suppose -6*a + k = -33. Calculate the highest common factor of v and a.
12
Let g be (-170)/34 + 8 + 19. What is the greatest common factor of 1221 and g?
11
Let j be 70/(-84) - 102/36*-553. Calculate the greatest common factor of j and 9.
9
Let g(o) = -o**3 + 35*o**2 - 82*o + 296. Let z be g(32). What is the highest common divisor of 961 and z?
31
Suppose 201*s + 133920 = 237*s. What is the highest common divisor of 360 and s?
120
Let s = 7 + 18. Let j be (450/6 + 0)*1. Calculate the greatest common factor of s and j.
25
Suppose 4459 = 4*x + 9*x. Suppose 5*l = -x + 1918. What is the greatest common divisor of l and 135?
45
Let j be (42/4)/(-7)*-20. Suppose -7*m + 1214 = -151. Suppose 2*v + 68 = 3*y + 287, 5*y = -2*v + m. What is the highest common divisor of j and v?
15
Let w(d) = 161*d + 1457. Let a be w(-9). Calculate the highest common factor of a and 1300.
4
Suppose 16*t + 3*t = 5852. Let w = t + -263. What is the greatest common divisor of w and 20?
5
Let b(m) = 10*m**2 - 30*m - 4. Let o be b(-3). Let k be (-435)/(-9) - (-1)/(-3). Calculate the greatest common factor of o and k.
16
Let q = -533 + 570. Let r be (-8)/12 - 7/3. Let n be r*(-111)/((-9)/(-3)). Calculate the greatest common divisor of n and q.
37
Let n = 1508 + -777. Suppose 8*l = -n + 1979. What is the greatest common factor of l and 13?
13
Suppose -2*j = -6*c - 4548, -2*j - 2399 = c - 6982. What is the greatest common divisor of 218 and j?
109
Suppose -245*q + 295658 = -94*q. Calculate the greatest common divisor of q and 801.
89
Let b = -3 + 8. Suppose -b*h + 5*k = -2*h - 38, -h + 3*k = -10. Let p be 36/16 + 3/(-12). What is the greatest common divisor of p and h?
2
Suppose -63 = -4*w + 353. Suppose -8*r + w = 24. Suppose 2*x = 52 + 288. What is the highest common divisor of x and r?
10
Let w be (-18)/(-5 - -4)*30/9. Suppose 4*z = 5*h - 2, z - 2*h - 3*h = -8. Suppose -7 = -z*u + 41. What is the highest common divisor of w and u?
12
Suppose -5*w = -4*w + t + 25, -73 = 3*w + t. Let a be 1/(2/w*(-57)/38). Calculate the highest common divisor of 20 and a.
4
Let l(f) = 2*f**2 - f - 17. Let m = -92 - -92. Suppose 5*s - 5*d + 2*d = -5, 5*d + 25 = m. Let u be l(s). Calculate the greatest common divisor of u and 1.
1
Suppose -3*q + 4*n = q - 40, -4*n - 53 = -5*q. Let g be 3/((-5)/(-5))*q. Let o be 2 + -2 + -2 + g. Calculate the greatest common divisor of 74 and o.
37
Let v = -19383 + 19929. What is the highest common divisor of v and 54?
6
Let f(b) = 19*b - 90. Let w be f(5). Suppose 0 = 4*g + 12, -w*h + 3*g + 42 = 4*g. Calculate the greatest common factor of h and 9.
9
Let y(x) = -3*x + 85. Let b be y(27). Suppose -128 = -2*s - q, 9*q + 244 = b*s + 5*q. Calculate the highest common divisor of 45 and s.
9
Let j(v) = 1509*v - 5842. Let p be j(6). Calculate the highest common factor of p and 146.
146
Let w(g) = 37*g - 16. Let k be w(-4). Let u = 420 + k. Calculate the greatest common divisor of 48 and u.
16
Let h(f) = 4*f - 13. Let i be h(6). Suppose -26*o + 27*o - 165 = 0. Suppose -b = -6*b + o. Calculate the highest common divisor of i and b.
11
Suppose 2*r = 3*y - 40, -5*y + 4*r + 32 = -3*y. Let d = 461 - 455. Let m be d - 3*(-2)/3. What is the highest common divisor of m and y?
4
Let p = 239 - 234. Suppose 4*j + p*j = 99. Calculate the greatest common factor of j and 1.
1
Let c = -149 - -135. Let x be (0 - (-40)/c)/(22/(-385)). What is the highest common factor of 10 and x?
10
Let m be (-286)/(-5) - 128/(-160). Calculate the highest common factor of m and 1073.
29
Let v(s) = 5*s**2 - 81*s + 5. Let q be v(0). Calculate the greatest common divisor of q and 20060.
5
Suppose 2257*t = 5*s + 2252*t - 750, -573 = -4*s - 5*t. Calculate the highest common factor of s and 3871.
49
Suppose -77 + 581 = 63*g. Suppose -4 = -2*c, -g*c + 32 = 2*j - 4*c. Calculate the greatest common factor of j and 12.
12
Suppose 0 = -424*k + 426*k + 10. Let c(b) = -b**3 - 6*b**2 - 13*b + 12. Let m be c(k). Calculate the greatest common divisor of 494 and m.
26
Suppose -8*l - 2*o + 274 = -4*l, -l = 5*o - 64. Let z = 20 - 15. Suppose z*c - 6 = 224. Calculate the highest common factor of c and l.
23
Suppose -2*v + 2*l = -46, 5*l = -3*v - 231 + 316. Let c = 17 + 83. Calculate the greatest common divisor of c and v.
25
Suppose 76*v + 17 = 2*d + 71*v, -5*d - v + 29 = 0. Calculate the highest common divisor of 182 and d.
2
Let p be 88720/12 + 3 + (-20)/(-30). What is the highest common divisor of 13 and p?
13
Suppose -n - 1065 = -1083. Let z(g) = -14*g**3 - 3*g - 1. Let r be z(-2). What is the highest common factor of n and r?
9
Suppose -5*f + 223 = 3*a, -a - 4*a + 347 = -4*f. Let x = -32 + a. What is the highest common factor of 6 and x?
3
Let q(s) = 4*s**2 - 64*s + 139. Let v be q(14). Let m = 2295 - 1620. What is the highest common divisor of v and m?
27
Suppose 0 = 11*m + 2009 + 565. Let x = m + 251. What is the greatest common divisor of x and 17?
17
Let l be 3241 - 3188 - (0 - 2/1). Calculate the greatest common divisor of l and 132.
11
Let f(q) = -3*q - 5*q**3 - 4*q**2 + 5*q**3 - 6 + q**3. Let o be f(5). Let r = 1861 - 1829. What is the greatest common factor of o and r?
4
Suppose -4*g = -y + 112, -y + 25*g = 29*g - 112. What is the highest common factor of 700 and y?
28
Suppose -3*g = -36*g - 3*b + 69, 2*g - 5*b + 1 = 0. Calculate the highest common factor of 997 and g.
1
Suppose -273*b - 3629 + 956 = -354*b. Suppose 4*k + 16 = -k + 4*a, 16 = 5*k + 4*a. Let g = 11 + k. Calculate the highest common factor of g and b.
11
Let m = 157 - -13. Suppose 13308 = -32*u + 13628. What is the highest common divisor of u and m?
10
Let x = 533 - 520. Suppose 5*d + 80 = -2*c, 0 = -d + 2*c - 7*c - 16. Let g = -3 - d. Calculate the greatest common divisor of x and g.
13
Let r(m) = -14*m - 32*m + 64 + 50*m. Let c be r(10). What is the highest common divisor of c and 8?
8
Let d(t) = 12*t**3 - 5*t**2 - t + 4. Let q be d(4). Let o be (-1)/((-10)/3 - 3/(-1))*215/15. What is the greatest common divisor of o and q?
43
Let k(z) = 2*z**3 + 6*z + 3. Suppose 3*q + 15 = 0, -3*q + 0*q = -3*u + 24. Let w be k(u). What is the highest common divisor of 50 and w?
25
Let l = 1343 + -838. Let f = l + -467. Calculate the greatest common factor of f and 57.
19
Suppose -4046 + 5112 = 13*p. Calculate the highest common divisor of p and 3.
1
Let h = 36 - 40. Let i be 0 - (h + 11 - (-1 - -1)). Let n be 25*(3/i - 57/(-35)). Calculate the highest common factor of n and 75.
15
Let c = -945 - -940. Let p be (c + 9)/(-16)*-28. Calculate the greatest common divisor of p and 28.
7
Let z(d) = 95*d + 99. Let f be z(63). Calculate the greatest common divisor of 126 and f.
18
Suppose 9399